5).
3
Let t = -578 + 584. Let a(u) be the third derivative of 1/120*u**t + 0*u - 1/12*u**4 + 0*u**5 - 3*u**2 + 1/6*u**3 + 0. Calculate a(-2).
-3
Let q be 0/(-1 - -2) - -2. Let v = q + 2. Let u(x) be the second derivative of x**3/6 - 3*x**2 - 3*x - 40. Give u(v).
-2
Suppose 5*o = o + 12. Suppose 0 = -o*j + 4*b - 2, -5 = -5*j + 5*b. Let u(t) = -t - 2. Give u(j).
-8
Let t = -4 + 6. Let h(p) = -17*p**t + 0 + 6*p**2 - 3 + 13*p**2. Determine h(-3).
15
Suppose -4*f = -l + 13, 5*l + 0*l - 4*f = 17. Let d be (3 + 0)/(0 + l). Let z(r) = 2 - 7*r + 3 - 4*r**2 + 1 - r**3 + 2*r**d. Determine z(5).
-4
Suppose -2*o + 0*o = 3*u - 10, -4*o + u + 6 = 0. Let x(p) = 10*p + 2*p + p**o - 6*p - 3. Let y be 4/(-6)*(-15)/(-2). Give x(y).
-8
Suppose 435 = -21*b + 540. Let s(o) = o**3 - 3*o**2 + o. Give s(b).
55
Let c(b) = 0*b + 49 + b**2 - 70 - 2*b. Let o be c(6). Let f(q) = q**2 - 8*q + 2. Determine f(o).
-13
Let u be 7*(-1)/(1/1). Let w(m) = -16*m. Let s(v) = -5*v + 1. Let a(g) = 3*s(g) - w(g). Give a(u).
-4
Let k(t) = 5*t**3 - 6*t**2 + 7. Let l(s) = -12*s**3 + 13*s**2 - s - 15. Let g(u) = -5*k(u) - 2*l(u). Calculate g(5).
-20
Let v = -391 - -385. Let q(h) = -h - 5. Calculate q(v).
1
Suppose -4*j + 30 = -9*j. Let q(l) = 2 + 2 - 2*l + 0 - 5. What is q(j)?
11
Let k(n) be the first derivative of -n**6/60 + n**5/15 - n**4/6 + n**3/2 + 17*n**2 + n - 17. Let v(q) be the second derivative of k(q). Calculate v(2).
-5
Let i(j) be the third derivative of 2*j**2 + 0 - 2/3*j**3 + 0*j + 1/24*j**4. Calculate i(5).
1
Let w(f) = 4*f - 1. Suppose 4*m + d = -4*d + 615, 5*d = -2*m + 315. Let q = 148 - m. What is w(q)?
-9
Let b(k) = -k**3 - 8*k**2 + 11. Suppose -2*i = 10, 3*t = 5*i - 9 + 10. Determine b(t).
11
Let o(p) = -p + 15. Let k be o(4). Let f be (-2 - 8/2)*11/k. Let q(w) = 2*w + 2. Determine q(f).
-10
Let g(s) = -2*s + 2. Let p(i) = -9*i + 1. Let b(y) = 4*g(y) - p(y). Determine b(-3).
4
Let v(o) = o + 6. Let b be v(-4). Let l(f) = 4 + b*f + f**2 + 0 - 2*f. Calculate l(0).
4
Let p = 2 + 1. Suppose -7 - 11 = -p*l. Let q be 0/(-1) + (2 - l). Let o(y) = -2*y - 3. Determine o(q).
5
Let a(v) = 2*v**2 - 8*v + 9. Let b be a(3). Let i(l) = -l**2 - 1. What is i(b)?
-10
Let i(h) = 3*h**2 + 3*h + 6. Let b(y) = -2*y**2 - 2*y - 3. Let o(u) = 6*b(u) + 3*i(u). Determine o(1).
-6
Let y(u) = -u**3 - 4*u**2 - 3*u - 5. Let c be (-11 - (-1 - 0)) + 3. Let l(f) = -f**3 - 8*f**2 - 7*f + 5. Let m be l(c). Suppose 0*h - m*h = 20. What is y(h)?
7
Let t(h) = -h - 1. Suppose -3*f - 6 = -4*f. Let r = -6 - f. Let p = r - -11. Give t(p).
0
Let a(v) be the first derivative of -1/30*v**5 + 0*v**3 + 3*v**2 + 0*v - 1/24*v**4 - 3. Let k(y) be the second derivative of a(y). Determine k(-2).
-6
Let t(i) = i**2 - 5*i + 3. Let v be t(5). Suppose 0 = 4*r - 2*r - 8. Suppose 4*q + 16 = -v*w, -10 = r*q - 4*w + 6. Let c(a) = -a**2 - 3*a - 6. What is c(q)?
-10
Let g(z) = -z**2 + 19*z - 66. Suppose 348 = 23*w + 26. Give g(w).
4
Let a(b) = -5*b**2 - b - 6. Let x = 82 + -79. Let h(s) = -4*s**2 - s - 7. Let i(z) = x*a(z) - 4*h(z). Determine i(0).
10
Let h(r) = -2*r + 1. Let s be h(1). Suppose 3*t = 3*f + 63, 0*f - 9 = -t - 2*f. Let m(o) = 13*o - t*o + 5*o + 5*o**2 + o**2. Calculate m(s).
5
Let k(n) = -n - 9. Suppose 8*y = 3*y - 20. Let v be k(y). Let c = v - -2. Let i(f) = -3*f + 3. Calculate i(c).
12
Let m(b) = -9*b**2 - 16*b + 14*b + 2*b. Give m(1).
-9
Let k(y) be the third derivative of -y**5/60 - y**3/6 + 26*y**2 - y. Determine k(-1).
-2
Let t(w) = w**3 + 4*w**2 + 3*w - 2. Suppose -2*o = 3*h + 3*o + 24, o = 3*h + 6. Calculate t(h).
-2
Let d(z) = z**3 - 3*z**2 + 2*z. Let i(k) = -k**2 - 8*k + 3. Let v be i(-8). Calculate d(v).
6
Suppose q + 8 = -4*b + 11, 2*q + 4*b + 6 = 0. Let f(j) = j**2 + 10*j + 14. Give f(q).
5
Let r(j) be the second derivative of -j**3/6 + 8*j**2 + 4*j. What is r(18)?
-2
Let p(d) = d + 10. Let l be 5 + 17/(-2) - (-3)/(-6). What is p(l)?
6
Suppose -51*o - 774 = -264. Let r(k) = -k**3 - 10*k**2 + k + 5. Calculate r(o).
-5
Let t(o) = -o + 9. Let h be t(-7). Let g = h + -15. Let q(l) = -g + 0 + l + 0*l. Give q(5).
4
Let d(m) = 12*m**2 - 3 - 24*m**2 - 3*m + 0 + 14*m**2. Suppose -3*f + 2 = -2*f. Let t be (1 - f) + 5 + -1. Calculate d(t).
6
Let t(a) = -a**3 - 7*a**2 + 7*a - 3. Let l(d) = d**3 + 8*d**2 - d + 7. Let b be l(-7). Let y be 41/(-5) + -4 + b/15. Determine t(y).
5
Let n(i) = -2*i**2 + 27*i + 14. Let h(f) = -6*f**2 + 83*f + 44. Let w(l) = 6*h(l) - 19*n(l). Calculate w(8).
6
Let u(f) be the first derivative of -19*f**4/4 - f**3/3 - f**2 - f - 1. Suppose -106 = -144*g + 250*g. Determine u(g).
19
Let a(q) = 3*q**2 + 2*q - 2. Let f(u) = 13*u**2 + 9*u - 9. Let d(s) = -9*a(s) + 2*f(s). Suppose -3*k - 5*g - 11 = 0, 3*g + 6 - 5 = k. Calculate d(k).
-4
Suppose 2*f = -p + 12, -4*p = 3*f - 47 + 19. Let q(x) = -x**2 - 5*x + 1. Determine q(p).
-35
Let n(v) = 8 - v + 7 - 7. Let j(x) = 6*x**2 + 57*x - 486. Let u be j(-15). What is n(u)?
-1
Let a(l) = 56*l**2 + 2*l + 0*l - 5 + 65*l**2 - 120*l**2. Calculate a(-6).
19
Let i be 4/(-6) - 88/12. Let o(l) be the third derivative of -l**4/24 + 130*l**2 - 2. Determine o(i).
8
Suppose 4*p + 50 = 9*p. Suppose -p*t - 25 = -15*t. Let o(z) = -3*z + 2. Determine o(t).
-13
Let h(k) = -3*k + k - 7 + k - 2*k. What is h(-6)?
11
Let w = 7 + -8. Let o(n) = -n. Let i(d) = 1. Let v(t) = w*o(t) - 6*i(t). What is v(4)?
-2
Let c(a) = -a - 4. Let s(z) = -27*z - 443. Let f be s(-16). Give c(f).
7
Let n(v) = v**2 + 3*v - 2. Suppose -3*w + 15 + 15 = 5*s, 2*w + 4*s = 22. Suppose -f = w*m + 9, 3*f + 4 = -m - 9. Give n(f).
2
Let l(v) = v**3 + 8*v**2 + 10*v - 8. Let d be l(-6). Suppose -3*z - 1 = -d*z. Let n(f) = 5 + 9*f - 3 + z - 3*f. Determine n(-2).
-9
Let v(t) = -123*t**2 + 10 - 3 - 8*t + 122*t**2. Calculate v(-8).
7
Let v(g) = g**2 + 4. Let a be 3 - (-3 - 5) - 4/1. Suppose 9 = a*b - 4*b. Calculate v(b).
13
Let g(w) = -17*w - w**2 - 11 + 10*w - 2*w. Calculate g(-8).
-3
Let y(n) = -n**3 + 3*n**2 - 5*n - 6. Let f(s) = -s**3. Let a(o) = 2*f(o) - y(o). Let w be a(-4). Let q be 6/(-4) + 1/w. Let l(v) = 8*v + 1. Give l(q).
-7
Let q = 4 + 0. Let h(u) = -q*u**2 + 0 + 1 - 2*u**2. Let x be 12*1/3 - 5. Calculate h(x).
-5
Let u(f) = -4*f**2 + f - 11. Let j(x) = 3*x**2 + x + 8. Let r(o) = 3*j(o) + 2*u(o). Let s = 4 + 1. Let c = s + -8. Give r(c).
-4
Let l(b) = -7 + b**2 - b**3 - b + 2*b**3 + 5 + 3. Let y(f) = 4*f**3 + 2*f**2 - 6*f + 7. Let q(u) = 5*l(u) - y(u). Determine q(-2).
0
Let l(m) = m**3 + 5*m**2 + m - 5. Let b be 14/(-6)*300/(-20). Suppose -6*z = b - 5. Calculate l(z).
-10
Let m = 95 + -100. Let x(l) = 3*l + 6. Calculate x(m).
-9
Let i(s) = s**3 - 6*s**2 - 6*s - 7. Let l = 47 + -35. Suppose u - l + 4 = -t, 2*t = -5*u + 19. Calculate i(t).
0
Let g(h) be the first derivative of -h**2/2 + 3*h + 23. Let q(z) = 3*z - 8. Let k(f) = -8*g(f) - 3*q(f). Determine k(4).
-4
Suppose -3*m + 11 = 2. Let n(u) = -u + 5. Let h be n(m). Let w(s) = -h - 6*s + 5*s + 3. Determine w(3).
-2
Let f(r) = -r + 7. Let z be f(-8). Suppose 3*q - 4*k - 20 = z, -2*q - 3*k - 5 = 0. Let l(t) = -4*t - 6. Determine l(q).
-26
Let d(r) = -r - 3. Let y(o) = o + 12. Let g(s) = 13. Let c(v) = 2*g(v) - 3*y(v). Let q = 8 + -15. Let w(z) = q*d(z) + 2*c(z). Give w(5).
6
Let a(h) be the second derivative of 1/6*h**3 - 7/2*h**2 + 0 - 16*h. Suppose -3*g + 4 = -2*i, -g + 2*i + 4 = -0*i. What is a(g)?
-7
Suppose 16*d - 3 = 15*d. Suppose -w - d*w - 132 = 0. Let x = -26 - w. Let g(f) = f**2 - 11*f + 9. Give g(x).
-19
Suppose 22*x - 153 = -43. Let m(v) = 3*v - v**3 - 4*v**2 + 7*v**2 + 4 + v**2. Give m(x).
-6
Let v(r) = -4*r + 3. Let h be 3/1 - (6 - -1). Let k be h/2 + -10 + -2. Let p = 16 + k. What is v(p)?
-5
Let k(f) = f**2 + f. Let v(j) = -j + 20. Let m(c) = 5*c - 80. Let x(o) = 2*m(o) + 9*v(o). Let p be x(-17). Suppose b - 12 = -b - 3*g, p*b + 4*g = 16. Give k(b).
0
Let c(b) be the second derivative of -3*b**2 + 1/12*b**4 - 7 - 1/2*b**3 - 5*b. Give c(5).
4
Let z(y) be the second derivative of -y**5/20 + y**4/2 + y**3/3 - 3*y**2 - 5*y - 18. Let v = -15 + 21. Calculate z(v).
6
Let l(j) be the second derivative of j**6/120 - j**5/30 - j**3/3 + 4*j**2 + 12*j. Let f(h) be the first derivative of l(h). Let o = -3 + 5. Determine f(o).
-2
Let m(f) = 2*f + 4. Suppose c = -5*n + 3*c - 7, -n = 3*c - 2. Suppose 4*y - 6 = -30. Let t = y - n. Give m(t).
-6
Let 